visor of 16 and z?
16
Let j(u) = 19*u**3 - 1. Let p be j(1). Let x be p + 0*1/3. Calculate the highest common factor of 6 and x.
6
Suppose -2*l = -7 - 47. What is the greatest common factor of 189 and l?
27
Let t be (-5)/(-2)*(3 - 1). Suppose 5*q = g + 267, t*g + 147 = q + 2*q. What is the greatest common factor of 9 and q?
9
Suppose -g + 486 = 2*g. Let u(w) = -w**2 - 11*w + 8. Let z be u(-10). What is the highest common divisor of g and z?
18
Let y = -83 - -123. Calculate the highest common divisor of y and 40.
40
Let j be 396/16 - 9 - (-1)/4. Calculate the highest common factor of 176 and j.
16
Let c = 36 - 29. Let f be 58/2 - (-3 - -4). Calculate the greatest common divisor of f and c.
7
Suppose 5*x = -4*l - 2, -6*l + 5*l = -x + 5. What is the highest common factor of 10 and x?
2
Suppose -5*u = -13*u. Suppose -4*b + u*b = -32. What is the highest common divisor of 40 and b?
8
Let d(t) = -4 - 4 + 36*t**2 + 3 + 3 + t. Let p be d(2). Calculate the highest common factor of p and 18.
18
Let s = 0 + 2. Suppose 0 = -3*l + s*l + 2. Let j = 13 + -9. Calculate the highest common divisor of l and j.
2
Let s = -11 + -2. Let d = -37 - s. Let c be 1/1*0 - d. What is the highest common divisor of 16 and c?
8
Let l be 1*(-2 - -2)/1. Let j = l - -8. What is the greatest common factor of 8 and j?
8
Let h(l) = -41*l - 7. Let n be h(-2). Calculate the highest common divisor of 30 and n.
15
Let w = 41 - 26. Calculate the greatest common divisor of w and 105.
15
Let b(w) be the second derivative of -59*w**3/6 + w**2/2 + 3*w. Let l be b(-1). Calculate the greatest common divisor of l and 15.
15
Suppose 5*t = 58 + 22. What is the greatest common factor of t and 4?
4
Suppose 0*p + 2*p - 180 = 0. Suppose -11*q + 9*q = h - 34, -4 = 4*q. Calculate the highest common factor of h and p.
18
Suppose q - 3*c + 108 = 4*q, -87 = -2*q - 5*c. Calculate the greatest common factor of q and 62.
31
Let u(a) = -2*a + 2. Let q(z) = z**2 - 3*z - 3. Let y be q(3). Let r be u(y). Calculate the highest common divisor of 1 and r.
1
Let v(m) = -4*m**3 + 3*m**2 - 2. Let y be v(-2). Let o = 58 + -44. Calculate the highest common factor of y and o.
14
Suppose -5*o - 4*d - 8 = -0*o, o - 3*d = 6. Let b be (-2)/(1 + o) - -4. Suppose -4*u + b*u = -14. Calculate the greatest common factor of 7 and u.
7
Let b(v) = -68*v - 1. Let x be b(-2). Suppose -5*a = 5*z - x, 3*a - 78 - 5 = -z. What is the highest common factor of a and 7?
7
Let j = 39 - 27. What is the highest common divisor of j and 4?
4
Let q = 2 + 3. Suppose -v + 16 = -0*o + 5*o, q*v = -3*o + 36. Calculate the greatest common divisor of 48 and v.
6
Let t be (-38)/((-4)/((2 - -3) + -3)). Suppose 0 = k - 10 - 9. Calculate the highest common factor of t and k.
19
Let d be 1/2*(1 - -5). Let h(m) = 2*m**3 + 0*m + 4 - m**d + 4*m - m - 4*m**2. Let v be h(3). What is the greatest common divisor of v and 2?
2
Suppose 98 + 28 = 2*l. Calculate the highest common factor of 9 and l.
9
Let v = -78 - -84. What is the highest common factor of v and 3?
3
Let w(b) = 3*b**3 - b**2 - 3*b - 1. Let l be w(2). What is the greatest common divisor of 286 and l?
13
Let b = -47 + 48. Calculate the greatest common factor of 5 and b.
1
Let n be (-447)/(-9) - 4/6. Let h = -13 + n. What is the highest common factor of 4 and h?
4
Let b(w) = 8*w - 4. Let d be (3 + -1)*5/2. Let t be b(d). Calculate the highest common factor of t and 24.
12
Let o(k) = -k + 3. Let u be o(5). Let i be (-3)/(u + 50/28). What is the greatest common divisor of 98 and i?
14
Let q = 146 - 71. Let u = q + -27. Suppose -3*p = -c - 31, -23 = -2*p - 2*p + 5*c. What is the highest common factor of u and p?
12
Let r(b) = -b**3 - 5*b**2 - 2*b + 1. Let z be r(-5). Suppose -p + 290 = -6*p. Let k = p + 146. Calculate the highest common divisor of k and z.
11
Suppose -3*q = -15 + 6. What is the greatest common factor of q and 3?
3
Let q be (15 + 1)*(-9)/(-12). Let s be (3 + 63/q)*16. Let v = -18 - -30. Calculate the highest common divisor of s and v.
12
Let o(c) = 2*c. Let z be o(6). Let a be 6/27 + (-1720)/(-36). What is the greatest common divisor of z and a?
12
Let g(z) = -3*z**3 - z**2 - 4*z + 1. Let p be g(-3). What is the greatest common divisor of 34 and p?
17
Suppose 5*x + 171 = -5*r + 696, -315 = -3*x + 3*r. Let p = -25 - -46. Calculate the highest common factor of p and x.
21
Suppose 4*b - 4*l = 64, 5*b - 4*l - 54 = 21. Suppose 0 = -4*t + 2 + 2. Calculate the greatest common factor of t and b.
1
Let k = 0 + 10. What is the greatest common divisor of 30 and k?
10
Suppose -73 = -5*s + 267. Suppose -3*z = z - 4*k - s, -5*k = -z + 25. Calculate the greatest common divisor of 15 and z.
15
Let i(h) = h**2 + 4*h + 9. Let m be i(-7). Calculate the greatest common divisor of 30 and m.
30
Let o = 35 - 8. Suppose -s + 3*s = 18. Calculate the greatest common divisor of s and o.
9
Let i be 39 + (-1 - 2) + -3. Calculate the greatest common divisor of i and 198.
33
Suppose 4*l + l + 148 = m, -5*m - 2*l + 848 = 0. What is the highest common factor of m and 24?
24
Let n be 3/((36/(-20))/(-3)). Let z(a) = a**2 - 4*a - 4. Let x be z(n). Calculate the greatest common divisor of 8 and x.
1
Let s(o) = o**3 + 4*o**2 - 4*o + 5. Let q = 17 - 21. Let b be s(q). Suppose 3*x + 15 = 0, 0*g - 3*x - 24 = -3*g. What is the highest common factor of b and g?
3
Let g = 2 - -7. Let k be 0 + -44 - (7 - 5). Let i = k + 82. Calculate the greatest common divisor of g and i.
9
Let g be (-11 - -1)/(4/(-6)). Let l be ((-24)/g)/((-4)/10). Calculate the highest common divisor of 44 and l.
4
Let n be 114/102 - 16/136. Let i(c) = -8*c**3 + 1. Let t be i(-1). Calculate the greatest common factor of t and n.
1
Suppose -2*d - 3*d + 400 = 0. Suppose -s = s - 24. Suppose 0 = 2*f - d + s. Calculate the greatest common factor of f and 51.
17
Let h(w) = 3*w**3 + w**2 - w + 1. Let l be h(1). Let f be (-1 - 1)/(l/10). Let j = -1 - f. Calculate the greatest common divisor of j and 12.
4
Let r(v) = -v - 4. Let f be r(-7). Suppose 5*j - 44 = f*j. Let n = 32 - -1. Calculate the highest common factor of j and n.
11
Let l(q) = -38*q - 106. Let k be l(-5). Calculate the highest common divisor of 48 and k.
12
Let o = -10 + 22. Let b be (o - 0)*(-3 - -4). What is the highest common factor of b and 96?
12
Suppose 6*x = 2*x - 28. Let m(z) = -3*z - 5. Let l be m(x). Calculate the greatest common factor of 4 and l.
4
Let p be ((-10)/(-2))/(5/6). Suppose 0 = p*d - d - 40. Suppose -4*j - 8 = -g, -3*j + 6 = -0. What is the highest common divisor of g and d?
8
Let c(h) = -49*h**3 + 2*h**2 + 2*h + 1. Let p be c(-1). Suppose 10*v = 5*v - 90. Let o = v + p. What is the greatest common divisor of 48 and o?
16
Let x = 6 + 0. Let a be ((-2)/6)/((-1)/x). Let q be a/(-3) - (-112)/6. What is the greatest common factor of q and 6?
6
Let d(v) = -v**2 - 9*v - 3. Let b be d(-5). Calculate the highest common divisor of 153 and b.
17
Let l(u) = -u**3 - 2*u**2 - 7*u - 7. Let i be l(-5). Let q = i - -177. Suppose -4*b + 296 + q = 0. Calculate the highest common divisor of 16 and b.
16
Let m = -3 + 28. What is the highest common factor of 25 and m?
25
Let l be 19/(3/(-6)*-1). Let h = l + -25. Suppose 5*v - 5*p = 60, -3*v - 16 + 57 = 2*p. What is the greatest common divisor of v and h?
13
Let w be ((-2)/2)/(1/(-2)). Suppose 0 = 3*u + 3 - 9. Let p be (u/4)/(3/48). Calculate the highest common factor of p and w.
2
Let z(s) = 3*s**3 - 7*s**2 - 4*s + 10. Let a be z(5). What is the highest common factor of 20 and a?
10
Suppose -x + 3*n - 27 = 0, 5*n = -3*x - 45 + 6. Let f be -2*(-3)/x*-39. Calculate the greatest common divisor of 26 and f.
13
Suppose -2*w = 4*i - 62, -i - 4*i + 75 = 5*w. Let j = i - 7. Calculate the greatest common divisor of j and 3.
3
Suppose -d = -5*f + d + 1602, 4*f - 1275 = -5*d. What is the highest common factor of 40 and f?
40
Suppose s = 2*o - 4*s - 85, -5*s = 2*o - 55. What is the highest common divisor of o and 7?
7
Let n(g) = -g**2 + 12. Let k be n(-3). Let p = 28 + -4. What is the highest common factor of k and p?
3
Let z be (4 + -1)*(-22)/(-6). Let s = -25 - -58. What is the highest common factor of s and z?
11
Let o(z) = -z**3 - 7*z**2 + z + 10. Let m be o(-7). Calculate the highest common divisor of 24 and m.
3
Let c = 155 + -104. Suppose -c = -2*a - 19. Wh